se 113427 = 4*b + 5*p - 22589, p - 8 = 0. What are the prime factors of b?
2, 23, 739
Suppose 2*h + 3*c = 32522, 4*h = -2*c + 3*c + 65058. What are the prime factors of h?
2, 19, 107
Let d(x) = 8*x - 2. Let a be d(1). Let p be ((-27)/12)/(0 - a/(-32)). What are the prime factors of p/(-6)*170/4?
5, 17
Let n be -5*((-39)/(-15))/(-1). Let x(d) = -d**3 + 11*d**2 + 18*d - 1. Let u be x(n). Let z = -43 - u. What are the prime factors of z?
2, 31
List the prime factors of 7 + (10082 - -1) + -10.
2, 3, 5, 7
Let w(n) = 3*n**3 + n - 1. Suppose -v = -2*b, -b + 3*v - 1 = 2*v. Let j be w(b). Suppose -j*g = 3*k - 93, 3*g - 122 = 2*k - 4. What are the prime factors of g?
2, 3
Let o(d) = -5*d + 6. Let i be 4 - (-2)/4*-4. Let t(x) = 4*x - 7. Let s(u) = i*t(u) + 3*o(u). List the prime factors of s(-5).
3, 13
List the prime factors of (-27458)/(-5)*(2100/(-24))/(-35) - 2.
7, 37, 53
Suppose 218 + 667 = 15*l. Suppose -g + 349 - l = 0. List the prime factors of g.
2, 5, 29
Suppose 76318 = 57*s - 46*s. What are the prime factors of s?
2, 3469
Let i(u) = 0 - 24*u + 30*u + 6. Let j be i(2). List the prime factors of 488/6 - j/(-27).
2, 41
Suppose 21*u - 113564 = u - 2*u. List the prime factors of u.
2, 29, 89
Suppose -8*x + 3*x - 3*m = -24435, -5*x + 4*m = -24435. List the prime factors of x.
3, 181
Let c(j) = -j**3 - 50*j**2 - 177*j - 133. What are the prime factors of c(-48)?
5, 751
Let v(x) = 8*x - 51. Let f be 9/(-21) - 2*404/(-56). List the prime factors of v(f).
61
Let q(p) = -2*p**3 + 3*p**2 - 4*p + 24. Let l be q(3). Let h = -6 + 4. Let r = h - l. List the prime factors of r.
13
Let o = 29036 + -14839. List the prime factors of o.
14197
Let z be (-1)/((-1724)/(-860) + -2). Let x = -122 + 50. Let d = x - z. List the prime factors of d.
11, 13
Suppose 0 + 6 = -6*z. Let h be -9*1 + (7/z - -4). Let t = 85 - h. List the prime factors of t.
97
Let h(n) = -47*n + 25. Let z be h(12). Let o = 173 - z. List the prime factors of o.
2, 89
Let n be -1 + (4 - 3)*-3 + 13. Suppose -5727 = -n*i - 615. List the prime factors of i.
2, 71
Let i = 406 + -749. List the prime factors of (i + -6)/(1 - 2).
349
Let c be (9 - 136/16)*382*1. Let r = c - -20. What are the prime factors of r?
211
Let z(m) = 5*m - 7. Let c be z(5). Let p(s) = 2*s**2 + 10*s + 9. Let f be p(c). Suppose -7 = 2*b - 3*k - 340, f = 5*b - 3*k. List the prime factors of b.
2, 3, 7
Let y = -34352 - -95872. What are the prime factors of y?
2, 5, 769
Let q = 15841 + 13150. What are the prime factors of q?
53, 547
List the prime factors of 251406/4*(18 + 4266/(-243)).
2, 13967
Suppose 18 = b + 4*j + 81, -223 = 3*b - 5*j. Let i = 17 + b. Let s = i + 57. What are the prime factors of s?
3
Suppose 145*q + 10305 = 147*q - 5*c, -4*q + 3*c = -20645. What are the prime factors of q?
5, 1033
Let f be 3 - ((-1 - 1) + -592). Suppose -2*s + 609 = -f. What are the prime factors of s?
3, 67
Let q = 6555 - 2878. What are the prime factors of q?
3677
Let o be ((-4)/(-3))/(22/18 - 1). Suppose -o*w = -2*w + 24. What are the prime factors of 39 + (w*(-3)/6 - 2)?
2, 5
Let k = 35 - 38. Let r = k - -3. What are the prime factors of (-135)/2*(r + -2 + 0)?
3, 5
Suppose 187*r = 621*r - 10393432. List the prime factors of r.
2, 5987
Let u = -53 + 128. Let w be u/(4 - 61/16). Suppose 5*l + 508 = 4*v, 0 = 2*v + 4*l - w + 120. List the prime factors of v.
2, 3, 11
Let m(y) = 12*y + 6. Let v be m(-10). Suppose -323*f = -320*f + 309. Let l = f - v. What are the prime factors of l?
11
Let j = 3588 + -3585. Let m = -2 + 5. Suppose j*n + m*c - 23 - 70 = 0, 5*c - 23 = -n. What are the prime factors of n?
3, 11
What are the prime factors of 1334691/19 + 11*22/2299?
199, 353
Let x(c) be the third derivative of 3*c**5/10 + c**4/6 + 23*c**2. What are the prime factors of x(-4)?
2, 17
List the prime factors of (-2)/(3 - -1) + (644355/74 - -14).
3, 17, 19
Suppose s - 4*j = -473 - 472, -s - 5*j = 945. Let c = -623 - s. List the prime factors of c.
2, 7, 23
Suppose -a = -2*j - 7363 - 543, 3*j = -9. Suppose 15*d + 5*d = a. What are the prime factors of d?
5, 79
Let f(n) = -n**3 + 24*n**2 - 18*n - 34. Let c = 78 - 71. Let a(l) = -l**3 + 6*l**2 + 9*l + 9. Let p be a(c). List the prime factors of f(p).
3
Suppose -2*q - 4*h = -16, -3*q - 3*h + 11 = -2*q. Let i(w) = 16*w**3 - 2*w**2 - w + 3. List the prime factors of i(q).
11
Let l = 11021 + -7895. List the prime factors of l.
2, 3, 521
Suppose -1902 - 566 = 4*c - 4*p, -c - 623 = -3*p. Let t = c + 891. What are the prime factors of t?
277
Let u(t) = 1 - 4 + 7 + 54*t**2 - 4*t - 2. Let n be u(2). Suppose -10*p = -7*p - n. List the prime factors of p.
2, 5, 7
Let t(r) = 32*r**3 + 24*r**2 + 114*r - 1113. List the prime factors of t(10).
173, 199
Suppose 392*z - 391*z - 362 = 4*o, 2*z - 3*o = 729. What are the prime factors of z?
2, 3, 61
Suppose -2*n + 4 + 34 = 0. Suppose -3*x - n = -g, -2*x - 35 = -5*g + x. Suppose -14 = -g*r + 26. List the prime factors of r.
2, 5
Let o = 3246 + 10470. What are the prime factors of o?
2, 3, 127
Let r(f) be the first derivative of -23*f**2 + 49*f - 222. List the prime factors of r(-26).
3, 5, 83
Let y(v) = -v**2 + 2*v - 1. Let a be y(3). Let m be 1096/(-4)*2*1/a. List the prime factors of (m/(-2))/(2/(-4)).
137
Suppose -2*l - 61 = -71, 0 = 5*j - l - 32735. What are the prime factors of j?
2, 1637
Let k be (20/(-8) + 3)/(1/8). List the prime factors of ((-1866)/k)/((-93)/12 - -7).
2, 311
Let b(n) = 6*n**2 + 10*n - 101. Let u be b(22). Let h = u + -1097. What are the prime factors of h?
2, 3, 107
Let r(i) = 3*i**3 + 62*i**2 + 76*i + 71. What are the prime factors of r(-16)?
3, 271
Let o = 15794 - -5664. List the prime factors of o.
2, 10729
Suppose -s - 4*r + 12 = 0, 30 = 4*s + r - 3*r. Suppose -39*z = -35*z + s. List the prime factors of (1 - z)/((6/(-332))/(-1)).
2, 83
Suppose 4*x - 1896 = x. Suppose -3613 + 349 = -5*a - q, -x = -a + 5*q. What are the prime factors of a?
2, 163
Suppose -84 + 72 = -2*u. Let j(x) = 228*x + 197. List the prime factors of j(u).
5, 313
Let l(s) = 1946*s - 6638. List the prime factors of l(34).
2, 3, 3307
Let f = -95 + 104. Suppose -3*i + f + 9 = 0. Suppose i*s - 36 = 2*s - 4*q, -2*s - 3*q = -17. What are the prime factors of s?
2, 5
Let n(i) = i**2 - 13*i - 1. Let q be n(13). Let v be (86/((-8)/4))/(q/3). Suppose 0 = -p + 3*l + 2*l + v, -2*p + 234 = -2*l. What are the prime factors of p?
2, 3, 19
Let d(f) = -f**3 + f**2 + 6*f - 3. Let z be d(-3). Let g be 2*(-3)/z + (-112)/20. What are the prime factors of -1 - ((-9)/g)/((-12)/896)?
3, 37
Let z(f) = 953*f + 1028. List the prime factors of z(5).
3, 1931
Suppose s = 4*s - 2*j + 5, 5*s + 3*j = -21. What are the prime factors of -17 + 24 - 4746/s?
7, 227
Suppose -160 = -5*g + 770. Let k = -112 + g. List the prime factors of k.
2, 37
Let s be (-238)/(-5) - 34/(-85) - -2. What are the prime factors of (-1517)/(-5) + 30/s - -3?
307
Suppose -4*y - d - 38 = y, 3*y = -d - 24. Let u(r) = -r**3 - 8*r**2 - 5*r + 8. Let l be u(y). List the prime factors of ((-43)/4)/((-23)/(-4) + l).
43
Let k be 2/(-3) + (-24)/(-9). Suppose 5*c - 75 = 5*m, -5*c - k*m + 59 = -3*m. Suppose 15*o - 152 = c*o. List the prime factors of o.
2, 19
Suppose -48*u = d - 52*u - 5375, -2*d - 5*u = -10711. List the prime factors of d.
31, 173
Let r = 1820 - 1141. What are the prime factors of r?
7, 97
Suppose -47*u = -51*u + 7064. Let i = u - 1057. What are the prime factors of i?
709
Let p = 4587 + -4321. What are the prime factors of p?
2, 7, 19
Suppose -9 = -3*c, k + 44*c - 40*c = 15038. What are the prime factors of k?
2, 11, 683
Let j = 13359 - 13219. List the prime factors of j.
2, 5, 7
Suppose 189077 = 116*f - 126791. List the prime factors of f.
7, 389
Let o be (1 + 3 - 1992)/(1 - 2). Let r = o + -1258. What are the prime factors of r?
2, 5, 73
Suppose -13*c + 14*c - 6 = 0, x - 7244 = 3*c. List the prime factors of x.
2, 3631
Let g(j) = j**2 + 22*j + 109. Let y be g(-12). Let m(r) = -18*r - 36. List the prime factors of m(y).
2, 3
Let d = -81 + 262. Suppose 0*l - d = -4*h + 3*l, -h = -4*l - 42. List the prime factors of h.
2, 23
Let u(m) = 87*m + 13. Let w be u(4). Suppose -3*g = k - 341, k - 4*g - w = -3*g. What are the prime factors of k?
2, 89
Let s(i) = i**2 + 6*i - 7. Let j be s(-7). Let t(d) = -d**3 - 2*d**2 + 51*d + 117. Let n be 